e y(w). Suppose 4*d - a - 85 = 0. What are the prime factors of d?
2, 5
Let v(f) = -222*f - 5 - 37 + 14 + 6. What are the prime factors of v(-3)?
2, 7, 23
Let a(h) = -h**3 + 11*h**2 - 10*h + 9. Let i be a(10). Suppose -q + i = 4*c, 11*c - q = 8*c + 5. List the prime factors of (-1308)/(-9) + -1 + c/3.
5, 29
Let a be (29 + -28)*(3 + 0). Suppose 2*g = 3*z + 4*g - 10, 0 = 4*z + 3*g - 13. Suppose 23 = t - 2*v, z*v + 63 = a*t + v. List the prime factors of t.
19
Let g(i) = 87*i**3 - 79*i**2 + 22*i - 4. List the prime factors of g(7).
2, 5, 653
Let d(h) = 4*h + 40. Let j be (33/44)/(1/4). Suppose -7*c - 2 = 2*k - 3*c, -5*k = -j*c + 57. List the prime factors of d(k).
2
What are the prime factors of (29 + -38038 - -35)*1/(-2)?
3, 6329
Let h = 2613 - 2033. Let a(t) = 3*t - 6. Let r be a(5). Suppose 14*y - h = r*y. List the prime factors of y.
2, 29
Suppose 19789 = -3*y + 14*y. Let b = y + -1227. What are the prime factors of b?
2, 11, 13
Let a(y) = -294*y**2 - 13*y - 1. Let l be a(-3). Let f = l - -4651. List the prime factors of f.
3, 227
Let k = 76512 + -37525. List the prime factors of k.
13, 2999
What are the prime factors of (12/(-1))/(-36) - 128310/(-9)?
53, 269
List the prime factors of (-45576*5)/(-9) + -12.
2, 3, 19, 37
Let a(r) = -11*r**3 - r**2 - 45*r - 375. List the prime factors of a(-7).
2, 229
Let p = 72736 - 35144. List the prime factors of p.
2, 37, 127
Suppose 31*l = 31 + 31. List the prime factors of 2022/6 + 2 + (-2 - l).
5, 67
Suppose -18*w - 18 = -24*w. Let j(v) = 232*v + 6. What are the prime factors of j(w)?
2, 3, 13
Suppose 0 = -2*n + 7*n + 160. Let c = n - -39. Suppose c*s - 1129 = -128. List the prime factors of s.
11, 13
Suppose -489*y = -495*y + 13662. List the prime factors of y.
3, 11, 23
Let s = -185 - -197. Let i(t) = t**2 - 5*t - 6. List the prime factors of i(s).
2, 3, 13
Let n be (10/4)/5*-110. Let g = 32 + n. Let i = g - -34. What are the prime factors of i?
11
Let i = -86535 - -131295. List the prime factors of i.
2, 3, 5, 373
Let v(m) = -4*m + 3. Let x be v(-3). Suppose x*o = 19*o + 16. What are the prime factors of 1/(365/91 + o)?
7, 13
Let q = -62197 - -127521. What are the prime factors of q?
2, 7, 2333
What are the prime factors of (-12 + 6 - 7) + 15142?
3, 41
Let p = 28 + -24. Suppose 1187 = 3*n - 5*o, -p*n + 5*o + 1965 = n. List the prime factors of n.
389
Let y be ((-4)/12)/(1/51). Let q = y + 60. Suppose 425 = -q*z + 48*z. What are the prime factors of z?
5, 17
Suppose 107767 = 7*u + i, 4*u - 4*i = 64479 - 2875. List the prime factors of u.
2, 3, 1283
Let g = 3365 - 1222. List the prime factors of g.
2143
Let k(a) = -4*a + 85. Let u be k(-23). Suppose u*q + 28 = 181*q. Let d(o) = 28*o + 11. What are the prime factors of d(q)?
3, 23
Suppose -104 = -5*v + 181. Let p be (-113)/(-3) - (-2)/6. Let y = v - p. List the prime factors of y.
19
Let z(a) = 614*a**3 + 13*a**2 - 119*a + 365. What are the prime factors of z(4)?
3, 1459
Let l = -11794 - -27743. What are the prime factors of l?
41, 389
Suppose 0 = -5*l + 11*c - 7*c + 20, l + 5*c - 33 = 0. Suppose 3*v - l*v + 4350 = 0. List the prime factors of v.
2, 3, 5, 29
Suppose 0 = -6*p + 26 + 10. Suppose p*z - 7 = 5. List the prime factors of (z - 1)/(((-15)/(-423))/5).
3, 47
Let j(s) = -6*s**2 + 20*s + 53. Let z be j(-7). Let w = -87 - z. What are the prime factors of w?
2, 3, 7
Let i = 9 - 4. Suppose -i*v - 14 + 34 = 0. Let g = v + 1. List the prime factors of g.
5
Let j = 348 - 342. Suppose j*b - 532 = 1136. What are the prime factors of b?
2, 139
Suppose 7*d = 2*d + 2*h + 22, 3*d = 2*h + 14. Suppose 0 = 2*s + s - d*u - 1418, -2*s + 2*u = -944. What are the prime factors of s?
2, 5, 47
Let u(n) = 10*n**2 - 18*n + 117. Suppose 0 = -6*x + 224 - 194. What are the prime factors of u(x)?
277
Suppose -966 = -7*a + a. Suppose 254 + a = 5*q. What are the prime factors of q?
83
Let n be 392/(-100) - (36/(-75))/(-6). Let i(g) be the first derivative of 2*g**3/3 - 17*g + 1. List the prime factors of i(n).
3, 5
Let f = 21 - -16. Let y(c) = -f + 13 - 7*c - 3. What are the prime factors of y(-15)?
2, 3, 13
Suppose 7 = 5*j - 3. Suppose 85*d = 93*d - 80. List the prime factors of 634/d - j/5.
3, 7
Let t = -176 - -177. What are the prime factors of (-19158)/31*t/(-6)?
103
Suppose -5*x + 5*t + 32395 = 0, -173*x - 5*t - 25923 = -177*x. List the prime factors of x.
2, 809
Let p(s) = -1981*s + 18. What are the prime factors of p(-3)?
3, 1987
Suppose 57 = 20*o - 3. What are the prime factors of (216/30*-11)/(o/(-15))?
2, 3, 11
Suppose -8*k + 13587 - 1491 = 0. Suppose -k = -3*z - 3*p + 852, -2*z = -p - 1567. What are the prime factors of z?
5, 157
Suppose 4*k - 180 = -6*k. Suppose 17*l + k = -16. What are the prime factors of 3642/42 + l/(-7)?
3, 29
Let l be 272/12*(-21)/(-2). Let p = -35 + 37. Suppose -p*g + 229 = 5*w - 0*g, -5*w + l = -g. What are the prime factors of w?
47
Let v(w) = -96*w - 3. Let f(s) = 6*s + 3*s + s**2 - 1 + 0. Let m be f(-9). List the prime factors of v(m).
3, 31
Let b be (1356/10)/(5/(-4 - 21)). Let d = b + 1392. What are the prime factors of d?
2, 3, 7, 17
Suppose 116 = -m + 3*d - 685, -5*m + 5*d = 3975. Let k = m + 1292. What are the prime factors of k?
2, 5
Let c be (4 - 2)/(-2 + 1 + 3). Let a be 4/c - 57/(-3). Suppose -29*d + 816 = -a*d. List the prime factors of d.
2, 17
Suppose j - 3*x = 107067, j - 535375 = -4*j - 5*x. Suppose -46*n - 21697 + j = 0. What are the prime factors of n?
2, 29
Suppose -7*p - 3*d = -8*p + 15, 0 = -2*d + 2. Let l(h) = -8*h**2 - 14*h - 15. Let n be l(-10). List the prime factors of (n/p)/(-1*3/6).
3, 5
Let d(i) = 1078*i**2 + 54*i + 51. What are the prime factors of d(5)?
27271
Let i be 1/(5/4 - 1). Suppose -m + i*a + 1509 = 86, 0 = m + 3*a - 1458. List the prime factors of m.
3, 13, 37
Let g(k) be the third derivative of 7*k**4/24 + 2*k**3/3 + 135*k**2 - 2*k. Suppose 0 = 4*c - 2*c + 3*f - 15, f - 31 = -5*c. List the prime factors of g(c).
2, 23
Let k be 7/((-14)/(-13935))*(-24)/(-18). Suppose k = 10*u - 3080. List the prime factors of u.
1237
Let s be (-1)/4 + 1341/4. Suppose -75*c = -42*c + 67*c + 20200. Let a = s + c. List the prime factors of a.
7, 19
Suppose 8*k - 44041 = 27053 + 33626. What are the prime factors of k?
2, 5, 7, 11, 17
Suppose 0*t + 8 = 4*t. Suppose -7*p + 110 = -t*p - v, -p = v - 22. Suppose -2*j + 130 = 2*x, x - p - 49 = 5*j. List the prime factors of x.
2, 3, 11
Let z be (1 - 2)*-2 + 1. Suppose o - k = 89, -z*k = -2*k - 5. Suppose r - 4*t + 88 = 2*r, 0 = r + t - o. List the prime factors of r.
2, 3
Let m be (-112)/12 - 1*6/9. List the prime factors of -1560*(-5 - 46/m).
2, 3, 13
Let x be (-1)/(-6)*30884 + (-4)/(-6). Suppose -3*k + 14*i - 16*i + x = 0, 2*i = 6. What are the prime factors of k?
2, 857
Let t(f) = 8929*f + 842. What are the prime factors of t(3)?
7, 3947
Suppose -2*t + 98820 - 5418 = 3*g, -3*g - 4*t = -93402. What are the prime factors of g?
2, 3, 5189
Suppose x + 49 = 8*x. Let h = x - 11. What are the prime factors of ((-28)/6 - h)*(-261)/2?
3, 29
Suppose -f = 2*t - 7, -9*t + 5*t - f = -17. Suppose 3*i + 430 = 5*k + t*i, -2*k - 4*i + 172 = 0. Let q = k + -39. What are the prime factors of q?
47
Let j be ((84/(-8))/7)/(1/4). Let b be j/4*(-20)/6. Suppose 0 = 4*l - b*l + 80. What are the prime factors of l?
2, 5
Suppose -13*o - 3888 = 5*o. Let k = -191 - o. What are the prime factors of k?
5
Let h = 2415 - 1483. Suppose 3*z = h + 298. List the prime factors of z.
2, 5, 41
Suppose x - 69*n = -65*n + 20416, -40832 = -2*x + 4*n. What are the prime factors of x?
2, 11, 29
Suppose -23*y + 16*y = -126. Suppose 0 = y*h - 4545 - 7137. List the prime factors of h.
11, 59
Let s(c) be the second derivative of 0*c**4 + 9*c - 2/3*c**3 + 0 + 1/2*c**2 + 1/20*c**5. List the prime factors of s(3).
2
Suppose 0 = -13*a + 14*a. Let b be (-2 + 4 - a)/(10/220). Let h = 48 - b. What are the prime factors of h?
2
Let n be ((-2270)/(-4))/(45/(-10) - -5). Suppose 1010 = w - 5*a, -3*a - 3959 = -5*w + n. What are the prime factors of w?
2, 3, 5, 17
Let f(h) = h**3 - 9*h**2 - 2*h + 13. Let y be 1/(-2) - 44/(-8). Suppose -2*o - 30 = -y*o. What are the prime factors of f(o)?
3, 31
Suppose -151 = -27*z + 11. Suppose -z*d + 34*d - 7812 = 0. List the prime factors of d.
3, 31
List the prime factors of (-1)/5 - 33495846/(-1